1101000110
Convert 1114210 (base 5) to base 3.
1000100011
20020120121221 (base 3) to base 10
3318136
-199acc (base 14) to base 7
-10511145
What is -303467 (base 9) in base 11?
-113031
Convert -2230221303 (base 4) to base 12.
-2a1303
Convert 22ac0c (base 13) to base 12.
338832
-1913d (base 14) to base 4
-33132003
Convert -132ba8 (base 14) to base 4.
-2201112000
-52373 (base 14) to base 2
-110000011001110001
-796b1b (base 13) to base 6
-141312233
What is -68569 (base 15) in base 16?
-510c6
What is -133134133 (base 5) in base 6?
-22304110
Convert 320454310 (base 6) to base 2.
10101100000010010100010
What is -1b9835 (base 13) in base 16?
-ac849
Convert -72a277 (base 14) to base 15.
-5167e2
-102221100122 (base 3) to base 5
-30004443
What is 1123110121 (base 4) in base 14?
9a453
-10010001000110110010 (base 2) to base 3
-1010012022010
Convert -1107142 (base 9) to base 2.
-10010001011100000000
Convert -77d6d6 (base 16) to base 7.
-123520216
Convert 11263 (base 9) to base 12.
4419
What is a3d1 (base 14) in base 16?
6e33
Convert -3c544 (base 16) to base 2.
-111100010101000100
-93337 (base 11) to base 6
-2530221
2145524 (base 8) to base 7
4620202
What is -209303a (base 12) in base 10?
-6163822
Convert 10111101010000011111 (base 2) to base 8.
2752037
-230541 (base 7) to base 12
-1b943
Convert 4773893 (base 10) to base 14.
8c3a85
Convert 13221332301 (base 4) to base 3.
10202222000220
Convert -111110111100011110001 (base 2) to base 3.
-10212210022202
Convert -10211122102020 (base 3) to base 13.
-565737
-110445054 (base 7) to base 12
-2296216
110020121121 (base 3) to base 15
4b62d
What is -112014014 (base 5) in base 2?
-1111010010110001110
Convert -24302410 (base 5) to base 15.
-47a70
What is -551116 (base 8) in base 16?
-2d24e
-3559069 (base 11) to base 9
-12606833
978520 (base 14) to base 4
103211000000
200211121220000 (base 3) to base 11
5718690
What is 233330000 (base 4) in base 9?
328308
Convert -10211000111 (base 3) to base 7.
-431644
What is -3321101123 (base 4) in base 5?
-230133034
Convert -116213 (base 9) to base 14.
-1b7d4
What is -12431 (base 13) in base 7?
-200111
What is -1630640 (base 7) in base 4?
-313023200
What is -101000502 (base 6) in base 14?
-32d262
Convert -122002202022022 (base 3) to base 13.
-1b62b13
Convert 173075 (base 10) to base 5.
21014300
Convert 277132 (base 8) to base 13.
35725
Convert 5721ba (base 14) to base 10.
2963880
What is -110010011100110101 (base 2) in base 8?
-623465
-124255150 (base 7) to base 10
-7929901
25485a (base 15) to base 11
1010882
Convert 14542324 (base 6) to base 16.
7cccc
Convert 3032100 (base 6) to base 11.
99484
Convert -1544688 (base 9) to base 15.
-11db42
1000110011110000111 (base 2) to base 11
187957
Convert 23211210 (base 4) to base 7.
255240
What is -432033244 (base 6) in base 2?
-11101001101001100011100
What is 29357 (base 11) in base 8?
121326
What is -12738 (base 14) in base 16?
-b10e
What is -2003114 (base 5) in base 12?
-163a3
Convert -10374632 (base 8) to base 3.
-11012010022011
Convert -3a228 (base 13) to base 15.
-2201a
10100001000110111011011 (base 2) to base 9
10835622
What is 1020022101122 (base 3) in base 4?
2200010222
-826177 (base 10) to base 5
-202414202
Convert 1517662 (base 8) to base 14.
b42b0
Convert -1065122 (base 7) to base 11.
-91609
What is 9c5ad (base 14) in base 12?
163965
What is 50568 (base 13) in base 4?
203011320
What is -3c4c7 (base 14) in base 2?
-100100011010001111
-7443b (base 13) to base 5
-23200231
22101202333 (base 4) to base 3
12001211112021
Convert -1882266 (base 10) to base 6.
-104202110
Convert -4211301222 (base 5) to base 15.
-b6bd92
What is -2141e (base 16) in base 10?
-136222
-1618cc4 (base 13) to base 3
-111100212100002
179656 (base 10) to base 14
49688
112102000201 (base 3) to base 8
1051720
What is 302715 (base 8) in base 5?
11143124
Convert -266409 (base 10) to base 7.
-2156463
What is -115415042 (base 6) in base 11?
-1290754
What is -21b5 (base 15) in base 7?
-26555
What is 251201 (base 7) in base 15?
d9ab
Convert 7c576 (base 14) to base 12.
127378
14cc7 (base 13) to base 5
2231130
Convert 165134614 (base 7) to base 2.
101011001011101010110111
Convert 1201551 (base 6) to base 12.
302b7
Convert 156254 (base 7) to base 5.
1443012
-101003121 (base 4) to base 16
-110d9
-21012132002 (base 4) to base 5
-1102321134
What is 20230356 (base 7) in base 3?
10011202121220
What is -730a (base 13) in base 7?
-64226
101314253 (base 6) to base 13
49450b
What is -453222 (base 8) in base 7?
-1205514
What is 13310201230 (base 4) in base 6?
111535244
What is 83335 (base 11) in base 9?
204624
Convert -9967a2 (base 15) to base 8.
-33711151
What is 28308 (base 11) in base 5?
2242201
-2bc43 (base 15) to base 14
-39614
What is 47960 (base 14) in base 16?
2aa80
5253414 (base 7) to base 13
1930cb
Convert -a0628 (base 11) to base 10.
-147166
4728 (base 16) to base 2
100011100101000
-17da (base 16) to base 3
-22101011
Convert -13252a0 (base 11) to base 13.
-622a30
83528 (base 13) to base 8
714666
Convert 9514a14 (base 11) to base 5.
13243123434
What is 254280 (base 10) in base 13?
8b980
What is 122313241 (base 5) in base 13?
177b89
2120201011221 (base 3) to base 8
5167717
Convert 398a9 (base 12) to base 13.
29c91
What is -21011212002201 (base 3) in base 4?
-32203203223
Convert -1026546 (base 7) to base 12.
-60270
What is -1000011101100101001 (base 2) in base 3?
-112002100222
Convert -374338 (base 11) to base 14.
-115728
What is 2478b3 (base 13) in base 6?
30420535
-127502 (base 9) to base 11
-533aa
-106482 (base 9) to base 7
-354032
-100001110010110010101 (base 2) to base 4
-10032112111
Convert 7c16b (base 13) to base 12.
ab131
2673537 (base 8) to base 15
ec9c0
2103213133 (base 4) to base 16
939df
1276bb9 (base 13) to base 16
5843c3
-10578b (base 12) to base 15
-51942
What is 14b048 (base 14) in base 2?
10110000001101001000
10277446 (base 8) to base 11
126a351
Convert 388701 (base 10) to base 6.
12155313
What is 111110101010000101010 (base 2) in base 16?
1f542a
Convert 594327 (base 16) to base 14.
ac3c59
What is -365225 (base 8) in base 11?
-863a2
What is -10002112110100 (base 3) in base 10?
-1644228
Convert 30714 (base 8) to base 14.
4908
1319824 (base 13) to base 15
7d4e04
-132521220 (base 6) to base 8
-12100454
What is 101001000101111100 (base 2) in base 14?
454a8
769680 (base 11) to base 13
33cc33
-85abc (base 14) to base 9
-542272
-16ec7a (base 15) to base 3
-2002120000021
a592 (base 16) to base 4
22112102
7278a2 (base 12) to base 2
110110110101000111010
What is 51707 (base 9) in base 8?
102474
Convert 8a389 (base 12) to base 16.
2cd99
What is -540325 (base 7) in base 8?
-267155
What is 4096b (base 13) in base 14?
30314
What is 31432020 (base 6) in base 5?
214000100
Convert 22012102202 (base 3) to base 15.
32c6b
Convert 650925 (base 15) to base 2.
10010010110101010101011
Convert 90d2 (base 14) to base 8.
60460
What is 173920 (base 10) in base 5?
21031140
Convert 4228a (base 11) to base 13.
2203b
Convert 10111100110000110 (base 2) to base 4.
113212012
-131a699 (base 11) to base 2
-1000101101011111101011
Convert -38053 (base 13) to base 11.
-706a4
What is 104251521 (base 6) in base 4?
13031012221
Convert -710130 (base 8) to base 5.
-24433220
What is -11da5d9 (base 14) in base 9?
-17150571
Convert -1f53a (base 16) to base 10.
-128314
What is -118371 (base 10) in base 9?
-200333
Convert -990e (base 15) to base 3.
-1122110112
Convert -1210033202 (base 4) to base 7.
-3330032
-67ce (base 16) to base 15
-7d19
What is 23262 (base 7) in base 11?
4540
What is -1d52d6 (base 15) in base 3?
-2200220111010
Convert -2102571 (base 8) to base 11.
-351639
What is -11001111101100001 (base 2) in base 12?
-51655
Convert 205623 (base 7) to base 14.
cdba
What is -15263633 (base 7) in base 3?
-2202020022212
Convert 12103001 (base 4) to base 13.
b981
Convert -30012311 (base 5) to base 13.
-83165
Convert 100532502 (base 6) to base 8.
6445166
What is -232130004 (base 5) in base 10?
-1051879
What is -2012200210 (base 3) in base 14?
-11c06
Convert 2004220 (base 5) to base 8.
76102
What is 14405750 (base 8) in base 13?
8aab50
2078965 (base 10) to base 4
13323203311
Convert -119a45 (base 11) to base 15.
-3aea5
Convert -13143 (base 16) to base 6.
-1401443
What is -21102001220000 (base 3) in base 2?
-1